19*y**2/2 + 20*y - 7. Let x be q(-15). What is the highest common divisor of 16 and x?
16
Suppose -23*v + 28*v = 70. Suppose 0 = 7*h + h - 1008. What is the greatest common divisor of v and h?
14
Let d be ((-4)/(-12))/((-2)/(-18)). Suppose 0 = 6*f - d*f - 66. What is the greatest common factor of 2 and f?
2
Let s = 197 + -288. Let n = s + 157. What is the highest common factor of n and 6?
6
Suppose 727 = 27*c - 5537. Calculate the highest common divisor of c and 8.
8
Let w be (-6)/((-4)/4) + 29/(-29). Calculate the highest common factor of 15 and w.
5
Suppose -m = 7*m - 688. Suppose -3*z + 5*z - 52 = -4*o, 2*o + m = 3*z. Calculate the greatest common divisor of z and 252.
28
Let i = 1756 - 1690. What is the greatest common divisor of 138 and i?
6
Suppose 0 = -4*u + k - 3212, 0 = -3*u - 5*k - 3258 + 826. Let c be 2/3 - u/36. Calculate the greatest common factor of 46 and c.
23
Let p be 6 - (3 + -7) - -222. Calculate the greatest common divisor of 16 and p.
8
Let d(b) = -14*b - 76. Let s be d(8). Let f = -142 - s. Calculate the highest common factor of 69 and f.
23
Suppose 4*y - 482 = -2*g, -3*y + 485 = y + 5*g. Calculate the greatest common divisor of 200 and y.
40
Let l be 1/2 + (-30)/(-4). Let d(z) = -15*z - 3. Let c be d(-1). Suppose c = -5*s + 212. What is the greatest common divisor of s and l?
8
Suppose -5*u - 92 = 88. Let q = u + 48. Let w = 437 - 305. What is the highest common divisor of w and q?
12
Let v = -169 + 251. Suppose -3*s + 1162 = v. Suppose 4*x - s = -0*x. Calculate the greatest common factor of 18 and x.
18
Suppose -2*v - 12665 = 14189. Let a = 8547 + v. Let z be (-4)/(-10) - a/50. What is the highest common divisor of 14 and z?
14
Suppose 0*p + 20 = 4*p. Suppose s + 1 + 5 = 4*k, p*s - 4*k = 34. Let a = 957 + -877. What is the highest common factor of s and a?
10
Suppose 0 = -9*x - 54*x + 3150. What is the highest common divisor of x and 75?
25
Suppose 205 = 5*s + 5*g, -5*s - 2*g + 82 = -120. Calculate the highest common divisor of s and 88.
8
Let r(f) = f - 23. Let w be r(11). Let m = w - -38. Calculate the highest common divisor of 39 and m.
13
Let h(u) = -u**3 - 2*u**2 + 29*u - 6. Let s be h(-7). Calculate the greatest common factor of s and 90.
18
Suppose -3*o - 168 = -o. Let c be 2*(o/8)/(-7). Suppose -3*x = 3*q - 0 + c, 5*q - 3*x = 27. Calculate the highest common divisor of 3 and q.
3
Let r(h) = -3*h - 5. Let b be r(-8). Let s be (-7524)/660*70/(-6). Calculate the highest common factor of b and s.
19
Let x(f) = 1 + 4*f**2 - 2 + 2*f + 0 - 8*f**3. Let a(y) = -4*y + 6. Let c be a(2). Let u be x(c). Calculate the greatest common divisor of u and 30.
15
Let c = -274 + 354. Calculate the greatest common factor of c and 16.
16
Let x be -99*(-4)/42*7. What is the greatest common divisor of 18 and x?
6
Suppose -4*k = -9 + 1. Suppose 0 = m + k*m - 48. What is the highest common factor of 1 and m?
1
Let m = -58 - -296. Calculate the greatest common factor of 102 and m.
34
Let p be 16/(4*-1) - (-62 + 45). What is the greatest common divisor of p and 17?
1
Let v(h) = -h + 123. Let x be v(23). Calculate the highest common factor of x and 60.
20
Let m be ((240/35)/6)/((-10)/(-595)). What is the greatest common divisor of m and 442?
34
Let z = 126 + -30. Let p(l) = l**3 - 8*l**2 + 9*l - 8. Let b be p(8). What is the greatest common divisor of b and z?
32
Let i(n) = -2*n + 33. Let u be i(3). Calculate the highest common divisor of u and 27.
27
Let v(h) = -22*h + 2. Let m(t) = 2*t + 1. Let w be m(-5). Let f be v(w). Suppose -5*j = -f - 570. What is the greatest common divisor of j and 14?
14
Let t be 3976/21 + 10/(-30). Let o(z) = 2*z**2 + 2*z - 3. Let j be o(3). What is the highest common factor of t and j?
21
Suppose -504*o = -493*o - 2145. What is the highest common divisor of o and 60?
15
Let s be 6/((2 - -1)/(84/8)). Calculate the highest common factor of 3 and s.
3
Let q(n) = 8*n. Let m be q(4). Suppose 2*p = h + 2*h + 41, 4*p + 4*h - m = 0. Suppose -141 = -5*x + 119. What is the greatest common factor of x and p?
13
Let m(a) = 5 - 13*a + 3 + 8*a. Let v be m(-2). Calculate the greatest common divisor of v and 198.
18
Let w(a) = 8*a - 4. Let j be w(8). Suppose 4*o - 78 = -5*f, -2*o + 5*o = -3*f + j. Calculate the highest common factor of 110 and o.
22
Let l(n) = 2*n**2 + 3*n + 3. Let d be l(-3). Let o = -13 + d. Let t be (-5 + -9)/(o + 0). What is the highest common factor of t and 35?
7
Suppose -80*k = -28836 - 16284. Calculate the highest common divisor of k and 12.
12
Suppose c = 5*c - 384. Calculate the highest common divisor of c and 24.
24
Let b = -8 - -19. Suppose b*o - 488 = -125. What is the greatest common divisor of o and 22?
11
Let j(o) = o. Let r be j(-8). Let w be (-5)/260*r + 464/26. Calculate the greatest common factor of w and 180.
18
Let n be 6/((-275)/260 - -1). Let b be (n/8)/(2 - 3). What is the greatest common divisor of 13 and b?
13
Let y be (984/56 + -11)/((-2)/(-14)). What is the greatest common divisor of 851 and y?
23
Let g be (8/6)/(3/9). Suppose -5*d + p - 9 = 0, 8 = -g*d - 5*p - 5. Let q be (-4 - d)/((-1)/54). What is the greatest common factor of q and 12?
12
Let d(z) = -z**3 - 6*z**2 - z. Let g be d(-6). Let k = 2363 - 2309. Calculate the greatest common divisor of k and g.
6
Let p(v) = -2*v + 16. Let q be p(-7). Let u be 1054/q + 4/(-30). What is the greatest common divisor of 14 and u?
7
Suppose -86*h - 2 = -84*h. Let y be 14 + h + (0 - -1). Calculate the highest common factor of 35 and y.
7
Let h(y) = -4*y - 2. Let p be h(-1). Suppose 2*a = -2*a + 3*o + 123, p*a - o = 59. What is the greatest common factor of a and 18?
9
Let y(c) = c - 3. Let r be y(5). Let f(u) = -3*u**2 - 8 - 15*u + 3*u**2 - u**r. Let g be f(-14). Calculate the greatest common factor of g and 12.
6
Let r be (-1 + (4 - 10))/(-1). Let z = r + 2. Let w(g) = -2*g - 1. Let c be w(-5). What is the highest common divisor of z and c?
9
Let i(k) = -k**2 - 7*k + 2. Suppose 5*v = 4*g + 4 - 1, -18 = -g + 5*v. Let n be i(g). Calculate the highest common factor of n and 3.
1
Let r = 144 - 56. Suppose 3*q - 19 = -k, 2*k - 5*k + 61 = 5*q. Calculate the highest common factor of k and r.
22
Suppose -537*f - 104 = -541*f. Calculate the highest common divisor of 429 and f.
13
Let t = -118 + 124. Suppose b + 2*b - t = 0. Calculate the highest common divisor of 2 and b.
2
Suppose 0 = -2*f - 2*z + 398, 2*z = 5 + 3. Calculate the greatest common factor of 39 and f.
39
Suppose 0 = -31*w + 41*w - 120. What is the greatest common divisor of w and 96?
12
Let v(c) = c**3 - 7*c**2 - 8*c + 8. Let w be v(8). Suppose -w*y + 5*y = 39. Let k = y - -46. Calculate the greatest common factor of 3 and k.
3
Let b be (20/12)/((-2)/(-48)). Let f(c) = 3*c + 86. Let h be f(-26). What is the highest common factor of h and b?
8
Let p = -137 - -236. Let i(f) = f**3 + 8*f**2 + 2*f - 16. Let k be i(-6). Let j = 53 - k. What is the highest common divisor of j and p?
9
Let y be ((-27)/6)/(6/(-32)). Let k be 48/360 + (-358)/(-15). What is the greatest common divisor of y and k?
24
Let h be 260/(-14) + (-12)/28. Let v = -16 - h. Suppose i + 60 = 5*k - 4*i, -v*k + 24 = 3*i. Calculate the highest common divisor of 4 and k.
2
Let c(j) = 3*j + 3*j + 0 - 2 + 0*j. Let p be c(-2). Let n be -1 + (-2 + -1 - p). What is the highest common divisor of n and 5?
5
Suppose -4*z = -4*a + 2*a + 122, 5*a = 2*z + 49. Let l = z + 64. What is the highest common factor of l and 56?
8
Let a(u) = 21*u**2 - 3*u. Let q be a(-1). Let k = q - 12. Calculate the greatest common factor of 30 and k.
6
Let t(o) = o**3 - 7*o**2 - 5*o - 11. Let u be t(8). Suppose u = -6*x + 2*x - 5*l, -5*l = -3*x + 34. Calculate the greatest common factor of 6 and x.
3
Suppose -6*v = x - 3*v - 52, 3*v + 68 = 2*x. Suppose 0 = -3*j + x + 2. What is the highest common factor of j and 14?
14
Let n = -40 + 52. Suppose n*o = 13*o - 11. What is the greatest common divisor of o and 77?
11
Let t(g) = -12*g**3 + g**2 - 3*g - 2. Let o = -57 - -55. Let i be t(o). What is the highest common divisor of i and 13?
13
Suppose 4*w + 2 = -3*j - 22, 5*w + j = -30. Let k = 4 - w. Let g be (-243)/(-7) + k/35. Calculate the greatest common divisor of g and 14.
7
Suppose 39*m - 15*m - 1056 = 0. Let z(k) = -k**3 - 2*k**2 + 5*k - 1. Let a be z(-4). C